 - 1708 = -5*r - 326, 0 = 3*r + 6. What is the highest common factor of 1 and y?
1
Suppose 24*l = 29*l - 145. Suppose l*p - 32*p = -15. Calculate the highest common divisor of 210 and p.
5
Let f be -4*1 + 209/11. Let o be -1 + 1 - (f - -21). Let d = o - -37. What is the greatest common divisor of 2 and d?
1
Suppose -9*m - 35*m - m = -5400. Calculate the highest common divisor of m and 11208.
24
Let t = -8 - -24. Let f = t - 12. Let h = 449 + -445. Calculate the highest common factor of f and h.
4
Let i(g) = 2*g**3 - g**2 + g - 7. Let r(t) = t**2 + 29*t + 2. Let z be r(-29). Let v be i(z). Calculate the greatest common divisor of 119 and v.
7
Suppose -6*h = 177 - 45. Let k = h + 39. Let n(b) = b**3 + 21*b**2 + 31*b + 54. Let w be n(-19). Calculate the highest common divisor of k and w.
17
Let p(t) = -t**3 - 3*t**2 + 12*t - 22. Let c be p(-6). Suppose -3*l - 18 = -0*l. Let a be 14*-9*(l - -5). What is the highest common factor of a and c?
14
Let o(l) = -l**2 - 15*l + 1. Let p(c) = 4*c - 21. Let v be p(3). Let n be o(v). What is the greatest common divisor of 605 and n?
55
Suppose 122*f - 81*f = -128*f + 6084. Calculate the greatest common factor of 1 and f.
1
Suppose -4*a = 4*v - 107 + 31, -2*a + 3*v + 23 = 0. Let u = 508 + -272. Let l be u/6 - 10/(-15). Calculate the greatest common factor of a and l.
8
Let p(k) = -k**3 - 10*k**2 - 16*k + 3. Let v be p(-8). Suppose v*u = 2*a - 18, -a - 5*u - 14 = 3. Let s = 4 + a. What is the highest common factor of s and 28?
7
Suppose 51 = 5*p - 2*y, -5*p = 5*y - y - 33. Suppose 28*a - 33*a = -3*g + 71, 4*g - 4*a - 100 = 0. What is the highest common divisor of g and p?
9
Let o = -100 - -89. Let v be 2*22/16 + o/(-44). Calculate the greatest common factor of 3 and v.
3
Suppose 9*u - 1337 = -257. Let k be ((-4)/3)/((-4)/6). Suppose -4*v + 160 = c + k*c, -3*v - c + u = 0. What is the greatest common factor of 160 and v?
40
Suppose -6 = -3*o - 3*q, -2*o - 7*q + 10*q = -19. Let g(m) = -2*m**2 - 38*m + 44. Let r be g(-20). What is the greatest common divisor of o and r?
1
Suppose -12*b - 3612 = 9*b. Let g = 125 - b. What is the greatest common factor of g and 81?
27
Suppose -26*y + 64 = -45 - 73. Calculate the highest common factor of y and 2471.
7
Let z be ((-204160)/(-35))/8 - (-60)/(-350)*-5. What is the greatest common factor of z and 7008?
146
Suppose -w = 4*w + 5*v + 10, -v - 5 = 0. Suppose 160 = 3*p - k - 3*k, 0 = p + w*k - 49. What is the highest common factor of 286 and p?
26
Let m be (-4)/(6 + 2 + -12). Let u be (m/(-2))/(1/(-26)). Calculate the greatest common factor of 65 and u.
13
Let s(b) be the second derivative of -127*b**5/20 + b**4/12 - 15*b. Let l be s(-1). Suppose 5*r + l = 348. Calculate the greatest common factor of r and 110.
22
Suppose -1201 + 433 = 16*o. Let i be (-4*6/(-4))/(o/(-24)). Let d be 62 + 1 + (-3)/i*0. What is the highest common factor of d and 7?
7
Let m be (-24 - 4)/((-98)/1225). What is the highest common divisor of m and 42?
14
Suppose -3*w + i + 97 = 2*i, -5*w = i - 161. Let l(n) = -42*n**2 + 145*n + 31. Let y be l(3). Calculate the highest common divisor of w and y.
8
Let a be ((-2)/3)/(78/(-610506)) - (-4)/(-2). What is the greatest common divisor of a and 32?
32
Let g = -2 - -26. Suppose -1152 = -301*r + 295*r. What is the highest common divisor of g and r?
24
Suppose 7*l - 467 = 443. Let k = -82 + l. Let d be (-9 + 0)*4/(-3). Calculate the highest common divisor of k and d.
12
Let f = -1403 - -2037. Calculate the highest common factor of 2 and f.
2
Let w be 8 + 3 - ((-37120)/10 + 5). What is the highest common divisor of 26 and w?
26
Let w = -19 + 29. Let a(i) = 22*i**2 - 76*i + 474. Let d be a(6). What is the highest common factor of w and d?
10
Suppose -11*p + 10*p + 7 = -b, 2*b - 3*p + 18 = 0. Let v(t) = 2*t**2 + 12*t + 44. Let z be v(b). Calculate the greatest common factor of 26 and z.
26
Suppose 12 = 12*f - 0. Suppose -2*a = -a - f, -2*m - 3*a = 19. Let r(l) = -l**2 - 12*l - 8. Let j be r(m). Calculate the greatest common divisor of j and 6.
3
Let i = -7548 + 7629. What is the highest common divisor of 1 and i?
1
Let l(b) = -3*b**3 - 5*b**2 - 14*b - 2. Let a be l(-6). Let g = a + -214. Calculate the highest common divisor of 42 and g.
42
Let u be 1*3*(30/9)/2. Let h = 160 + -15. Calculate the highest common factor of u and h.
5
Let c be ((-112)/(-24))/((-4)/(-462)). Let z = 643 - c. Let f(x) = -x**2 + 8*x + 1. Let i be f(6). What is the highest common factor of z and i?
13
Let z = 10 - 5. Suppose -16 = 2*w + z*j - 85, -4*j = w - 33. Suppose 0 = -32*m + 11*m + 1554. What is the greatest common divisor of w and m?
37
Suppose 4*x + 13 = -3*d, -1214*x - d - 13 = -1217*x. Let g = -72 - -130. Calculate the greatest common divisor of x and g.
2
Let m = 473 - 265. Let r = m - 103. Calculate the greatest common divisor of r and 63.
21
Suppose 3*r + y - 1 = 0, -r + 4 = 4*y + 22. Suppose 0 = -4*g + 9 - 5, r*g + 62 = 2*u. What is the highest common factor of u and 112?
16
Let r be 6/(-4)*-2*(-20)/6. Let q be r/(-6) - ((-16)/(-6) - 3). Suppose 3*g - 75 = 2*n + 1, q*g - 55 = -3*n. Calculate the greatest common factor of g and 286.
26
Suppose 4*h - 48 = -20. Let t = 37 + -184. Let f = t + 196. Calculate the highest common factor of h and f.
7
Suppose 0 = 2*d - 90*a - 1896, 11*a + 588 = 4*d + 9*a. Let g = 5 - -1. Calculate the highest common factor of d and g.
6
Let h be (1/2)/((-2)/(-72)). Let n(m) = -8*m + 18. Let g = -213 + 215. Let z be n(g). Calculate the highest common divisor of z and h.
2
Suppose -118*y = -116*y - w - 316, 3*y = -5*w + 422. Calculate the highest common factor of 1120 and y.
14
Let w(t) = -5*t + 80. Let k be w(7). Suppose 4*g = -g + 25. Calculate the highest common divisor of k and g.
5
Let u be (4 + -3)/(15/(-70))*-3. What is the greatest common factor of 1106 and u?
14
Let d(u) = -u**2 - 7*u + 48. Let f be d(-10). Suppose -4*c - m = 4*m - 27, -m + f = 5*c. What is the highest common factor of 1 and c?
1
Suppose 4*y - 380 = y + 4*o, 2*o - 350 = -3*y. Let v = y + -76. Calculate the greatest common divisor of v and 33.
11
Let c be (1585 - (-61 - -30)) + 10 + -1. Calculate the greatest common divisor of c and 1375.
125
Let p be 13/(91/1218) + 14 + -14. Calculate the greatest common factor of p and 2407.
29
Suppose 0 = -10*p - 8*p + 270. Let d be (147/(-63))/(1/p). Let r = 62 + d. Calculate the highest common divisor of r and 297.
27
Let c(d) = 8*d + 581. Let z be c(7). Calculate the highest common divisor of 26 and z.
13
Let r = -100398 - -140776. What is the greatest common factor of r and 26?
26
Let v be (-1 + 7)/(354/2360). Calculate the greatest common divisor of 52 and v.
4
Let r be (-2006 - -29)*(-120)/45. What is the highest common divisor of r and 8?
8
Suppose 22 + 82 = 52*j. Let t(p) = 11*p**2 - 14*p + 18. Let g be t(j). Let v = -106 - -208. Calculate the greatest common divisor of v and g.
34
Let j be ((-3)/(-2))/(((-33)/11)/12). Let o(y) = y**3 + 7*y**2 + y - 14. Let z be o(j). Calculate the greatest common factor of z and 4.
4
Let x be (-140)/(-15)*(25 + -1). Suppose -4*j - t + 44 - 7 = 0, -5*j + 53 = -t. Let p be 64*(10/(-4) + 30/j). What is the highest common factor of p and x?
32
Let j(i) = 23*i - 222. Let u be j(13). Let c = -80 + 135. Suppose -8*x + c = -3*x. What is the greatest common divisor of u and x?
11
Let f(h) = 219*h**2 - 691*h + 35. Let v be f(16). Calculate the highest common divisor of 31 and v.
31
Suppose 1425*l - 5040 = 1418*l. What is the highest common divisor of l and 320?
80
Suppose 56043 = -1072*a + 287595. Let r(p) = p**2 - p + 6. Let w be r(-6). Calculate the greatest common factor of a and w.
24
Let m = -6 + 15. Let h = 22465 - 22408. What is the highest common factor of m and h?
3
Let g = 3 - 1. Suppose 2*z - 5*r = 36, -g*r - 8 = -z + 3*r. Let i = 43226 - 43212. Calculate the greatest common divisor of i and z.
14
Let f = -21258 + 35426. Calculate the highest common divisor of f and 253.
253
Let z = -231 + 235. Suppose -2*h - 6 + 134 = -z*l, 2*l = -h + 48. Calculate the greatest common divisor of h and 98.
14
Suppose 4*c - 16840 = 5*h, -2*c + 17*h = 19*h - 8438. What is the highest common divisor of 15 and c?
15
Let d = -3064 + 3576. Calculate the greatest common factor of d and 2.
2
Let g = -378 + 321. Let d be (